11*l, -5*g = 3*l - 3684. List the prime factors of g.
2, 3, 41
Let w(y) = -y**3 - 3*y**2 - 2*y - 6. Let i be w(-3). Suppose 0*f + 3*f - 261 = i. List the prime factors of f.
3, 29
Suppose -4*t - 30 = -9*t. Suppose -6 = l - 3*l. Suppose -3*y = -l - t. What are the prime factors of y?
3
Suppose 0*t + 15 = -3*t. Let p be ((-6)/t)/((-2)/10). What are the prime factors of 4/p - 704/(-48)?
2, 7
Let m = 139 - -180. Let o = m + -156. List the prime factors of o.
163
Let u = 882 + 1499. What are the prime factors of u?
2381
What are the prime factors of (-2)/(3 - (-9863)/(-3283))?
7, 67
Let l(w) = -12*w - 13. Let t be (-14)/49 + 180/(-7). Let j = t + 20. List the prime factors of l(j).
59
Let t = 133 - -211. What are the prime factors of t?
2, 43
Let w = -3 - 8. Let c = w - -11. Suppose 4*r = -c*r + 96. List the prime factors of r.
2, 3
Let n(a) = -10*a**3 + 2*a**2 - 2*a + 3. Let u be n(2). Let c = -135 - u. List the prime factors of 1/((8/c)/(-4)).
31
Let r(y) = 2 - 11*y + 5 + 0. Let p be r(-19). Suppose -3*l + p = -0*l. List the prime factors of l.
2, 3
Let q be 1268/6 + 1/(-6)*2. Let i = 334 - q. What are the prime factors of i?
3, 41
Let v = 734 + 273. What are the prime factors of v?
19, 53
Let h(a) = 8*a**2 + 16*a + 123. List the prime factors of h(11).
7, 181
Let o = -17 + 15. Let f be (-1)/((-3)/(-870)*o). Suppose 4*a + l = -0*a + f, 5*a + l - 180 = 0. What are the prime factors of a?
5, 7
Let t = -13 + 22. Let i(d) = d**2 - 6*d - 11. What are the prime factors of i(t)?
2
Suppose -3 = 2*b - o - 4, 3*b = 3*o + 6. List the prime factors of b/(0 - -1) - -5 - -22.
2, 13
Let p(b) = -b**3 + 5*b**2 + 9*b - 4. Suppose -2*i = -3*f - 12, -5*i + 30 = -f + 5*f. Let j be p(i). Let o = -4 + j. List the prime factors of o.
2, 5
Let g be ((-42)/(-5))/((-3)/(-10)). Let a = -73 - -68. Let k = g + a. What are the prime factors of k?
23
Let y(h) = -4*h**3 + 6*h**2 + 14*h + 14. List the prime factors of y(-3).
2, 67
Let u = -36 - -38. Suppose 0*x = -u*x + 2, 3*d = 3*x + 135. What are the prime factors of d?
2, 23
Let f = 9 - 2. What are the prime factors of 61 + 2 + (-28)/f?
59
Let n(z) = 44*z + 2. Let s be n(-1). Let q be (-3)/(-1)*s/18. Let m(v) = -14*v - 24. What are the prime factors of m(q)?
2, 37
Let d = 2875 + -1563. List the prime factors of d.
2, 41
Suppose -15 = -4*v - u, -3*u + 4 = -7*u. Let y be (-2 + -6)/2*1*-34. Suppose y = 5*j - v*l, -j + l - 68 = -4*j. What are the prime factors of j?
2, 3
Let z(w) = -2 + 5*w - w - w. Let s = 82 + -77. What are the prime factors of z(s)?
13
Let m(n) = -n**3 + 11*n**2 - 10*n + 1. Let c be m(10). What are the prime factors of ((-274)/(-3) - c)*3 + 3?
2, 137
Suppose 0 = 2*w - 4*w + 4. Let m(s) = s**3 + 2*s**2 - 7*s + 7. Let q be m(-4). Suppose 84 = 3*c - q*n, -w*n - 1 - 3 = 0. List the prime factors of c.
2, 13
Let m(o) = o**3 - 11*o**2 - 11*o - 9. Let r be m(12). Let f(u) = 2*u**2 + u + 4 + 0*u**2 - u + r*u. What are the prime factors of f(-4)?
2, 3
Let j(a) = -4*a + 2. Let o be j(2). Let z be (o/(-9))/((-2)/(-6)). Suppose y + w = z*w + 1, y - 2*w = 0. List the prime factors of y.
2
Let g be (2 + -1)/((-4)/(-45 + -3)). Let f be (-2 + 4)*(-33)/(-2). Let x = f - g. List the prime factors of x.
3, 7
Let x(v) = 2*v**2 - 57*v + 540. List the prime factors of x(24).
2, 3
Let d(h) = -3*h**2 - 30*h + 28. What are the prime factors of d(-10)?
2, 7
Let j be ((-9)/(-18))/((-1)/(-2)). Let m(i) be the first derivative of 6*i**2 + 2*i - 1. What are the prime factors of m(j)?
2, 7
Suppose 3*r - 3*l + 414 = 0, -3*r - l - 382 = 4*l. Let m = r + 222. What are the prime factors of m?
2, 11
List the prime factors of ((-1445)/(-170))/(((-2)/1)/(-136)).
2, 17
Let k(j) be the second derivative of -j**3/6 + 32*j**2 + 2*j + 15. Let s(u) = -u**2 - 14*u - 13. Let q be s(-13). List the prime factors of k(q).
2
Let a be 8/6*(7 - 4). Suppose -128 = -4*h + 2*c, -a*h + 0*c = 3*c - 108. Let d = h + -18. What are the prime factors of d?
2, 3
Let z(w) = 0 - 40*w - 2 - w**2 - 6 + 25*w. What are the prime factors of z(-12)?
2, 7
Let r be 122/(-6) + 7/(147/(-14)). List the prime factors of 28/r*(1 + -43).
2, 7
Let c = 360 - -566. What are the prime factors of c?
2, 463
Let w(x) = x**3 - x**2 - 3*x - 5. List the prime factors of w(5).
2, 5
Let w(z) = 75*z - 439. What are the prime factors of w(21)?
2, 71
Let y(c) = c**3 + 184 - 2*c**2 + c**2 + c**2. List the prime factors of y(0).
2, 23
Let y = 324 - 181. Let c = 327 - y. List the prime factors of c.
2, 23
Let b = -1 - -5. Let v = 5 - b. Suppose -o + 14 - v = 0. List the prime factors of o.
13
Let t be -1 - 6/(-10) - 5740/25. What are the prime factors of ((-3)/6)/(5/t)?
23
Let p(w) be the first derivative of w**3/3 + 3*w**2 + 2*w + 5. List the prime factors of p(-9).
29
Suppose -66*h - 13 = -67*h. Suppose 0 = -h*o - 278 + 2969. List the prime factors of o.
3, 23
Let n(s) = -s**3 - 15*s**2 - 3*s - 3. Let o be n(-15). Suppose -2*a = 3*r - 38, -4*a + 2*r + 18 = -o. What are the prime factors of 1*(1 - (0 - a))?
17
What are the prime factors of 3 + (-9)/((-54)/750)?
2
Let t(b) = 4*b + 24. Let x be t(-5). Suppose -x*i - i + 560 = 0. What are the prime factors of i?
2, 7
Let o be 1020/(-84) - (-1)/7. Let k = 7 + o. List the prime factors of (k/(-2))/((-5)/(-50)).
5
Suppose 0 = 6*d + 169 - 1015. Suppose -2*c + 113 = -d. What are the prime factors of c?
127
Suppose -2*f = 3*o - 77 - 277, -3*f = -o + 107. Let s = -78 + o. List the prime factors of s.
2, 19
Suppose n - 3*n = -8. Suppose -48 - 76 = -n*x. Let q = -18 + x. List the prime factors of q.
13
Let o(u) = -2*u**3 - 6*u**2 + 9*u - 11. What are the prime factors of o(-10)?
3, 433
Suppose -6*z = -2*z - 40. Suppose 7*i - 4*i + 3 = 0. Let g = z + i. List the prime factors of g.
3
Suppose 32*d = 18*d + 50624. List the prime factors of d.
2, 113
Let b(n) be the first derivative of 5*n**3/3 + 7*n**2/2 - 12*n - 15. List the prime factors of b(-6).
2, 3, 7
Let h be 2 - 0 - 0 - -2. List the prime factors of h - (4/1 + -26).
2, 13
Let p(f) = 3*f + 2 - 6*f**3 + 7*f**2 - 2*f + 5*f**3. Let i be p(4). Suppose -4*w = -2*w - i. List the prime factors of w.
3
Suppose 5*l - 2020 = 4*f, 0 = 3*f + 2*f + 25. What are the prime factors of l?
2, 5
Suppose 15*n - 10 = 10*n. Let u(r) = 2*r**3 + 3*r**2 - 3*r. What are the prime factors of u(n)?
2, 11
List the prime factors of 1/(-1)*20/(-50)*5.
2
Let s = 33 + -37. List the prime factors of -1 + 770/18 + s/(-18).
2, 3, 7
Suppose -z + 1 + 7 = 0. Let g be (-6)/z - 41250/40. List the prime factors of 6/9 + g/(-18).
2, 29
List the prime factors of 108/84 + (-36788)/(-14).
11, 239
Let k = -1916 + 6787. What are the prime factors of k?
4871
Let a(x) = 21*x**2 - 89*x - 16. What are the prime factors of a(11)?
2, 773
Suppose 4*s = 4*m - 2112, -531 + 1585 = 2*m - 3*s. List the prime factors of m.
2, 5, 53
Let v(m) = -11*m + 1. Let h be v(1). Let k be (165/h)/(2/(-4)). Suppose -3*j + k - 6 = 0. What are the prime factors of j?
3
Suppose -2*n = 2*i - 2, 4*i - 7*n = -3*n - 4. Suppose 5*w - 2*w - 159 = i. What are the prime factors of w?
53
Suppose -18286 - 52425 = -31*g. What are the prime factors of g?
2281
Let q = 4367 - 3040. What are the prime factors of q?
1327
Suppose 370 = s + s. Let m = 259 - s. What are the prime factors of m?
2, 37
Let t(v) = 2*v + 4*v - 13 - 2*v. Suppose -3*a + 6 = -30. List the prime factors of t(a).
5, 7
Suppose 2176 = 4*w + 3*i - 7*i, -4*w + 2175 = -5*i. List the prime factors of w.
5, 109
Let w(x) = 29*x + 12. Suppose -4*i + 3*i + 7 = k, 2*i + k - 9 = 0. What are the prime factors of w(i)?
2, 5, 7
Let p(u) = u**3 + 3*u**2 - 4*u - 1. Let g be p(-3). Suppose -20 = 7*k - g*k. Suppose 2*q = q + 3*s + 42, -5*s + 310 = k*q. List the prime factors of q.
3, 19
Let g = 12 - 7. Let n be g*(1 - -10) + 0. Suppose -3*y + r + 95 = 0, 2*y + r = -0*r + n. What are the prime factors of y?
2, 3, 5
Let u = 242 + -215. What are the prime factors of u?
3
Let k = 32 - 33. Let b(s) = 4*s**2 - s**2 + 0*s**2. List the prime factors of b(k).
3
Let g(c) = -c + 3. Let a be g(-2). Suppose v + 2 = a. Suppose v*i - 4 = 11. List the prime factors of i.
5
Let i(w) = 6*w - 14*w - 2 + 4*w**2 + 11*w. Let x(h) = h**2 + 3*h - 1. Let l be x(-2). What are the prime factors of i(l)?
5
Let g(q) = -q**3 + 13*q**2 + 8*q + 27. What are the prime factors of